16 = 0. What is the highest common factor of p and u?
3
Let u be 7/(-4)*(-4)/14*8. Suppose u + 14 = 2*f. Calculate the greatest common divisor of f and 6.
3
Suppose 2*x + 80 = 4*l, 0*l + 3*l + 3*x - 42 = 0. Suppose 25*u - 54 = 22*u. What is the highest common factor of u and l?
18
Let f = 28 - 27. Let d be (-6 - -5)*(f + -8). Calculate the highest common factor of d and 49.
7
Let y(l) = 3*l**2 + 30*l + 3. Let f be y(-12). Suppose -4*o + f = -33. Calculate the greatest common factor of o and 270.
27
Suppose 41 - 8 = 4*s + 5*v, 3*s = -3*v + 21. Let d be -3 - -6 - (1 - s). Let i be d/18 - (-2012)/18. Calculate the greatest common factor of 16 and i.
16
Let s = -32 + 36. Suppose 2*l + 3*f = 49, 4*l = -s*f - 0*f + 100. What is the highest common divisor of 26 and l?
26
Let o be (-268079)/(-343) - 3/(-7). What is the highest common divisor of 102 and o?
34
Let j be (3/(-5))/((-3)/15). Suppose 14 - 5 = 3*d. What is the greatest common divisor of d and j?
3
Let f(d) = 15*d**2 + d. Let w be f(1). Calculate the greatest common divisor of w and 32.
16
Let v = 1014 - 994. What is the highest common factor of v and 990?
10
Suppose -3*g - 2*a + 123 = 0, 3*a = 5*g + 88 - 293. What is the greatest common factor of 41 and g?
41
Let r = -18 - -25. Suppose -g + x + r = -8, -5*g + 85 = 5*x. Let m = 10 + -2. Calculate the greatest common divisor of g and m.
8
Let u be (-9)/6 + (-55)/(-10) - -22. Suppose b - 5*b + 260 = 0. Calculate the highest common factor of b and u.
13
Suppose 0 = -f - b + 77, 0 = 7*f - 11*f + 3*b + 329. What is the highest common factor of f and 40?
40
Let u(h) be the second derivative of -h**5/20 - 5*h**4/4 - 17*h**3/6 - 17*h**2/2 + 18*h. Let m be u(-14). Calculate the highest common divisor of 10 and m.
5
Let c = 30 + -12. Let t be ((-18)/21)/(27/(-1323)). What is the highest common divisor of t and c?
6
Suppose -31*z + 32*z - 19 = 0. Let f = 22 - z. Suppose -f*a + 89 = 2*c, -2*c - 19 = -2*a - 93. Calculate the greatest common factor of c and 20.
20
Let n = 1885 - 1801. Let w = -1 - -5. Suppose 7*p = w*p + 36. What is the highest common factor of p and n?
12
Let r(z) = 194*z**2 - 11*z + 14. Let i be r(2). What is the greatest common factor of 6 and i?
6
Let k = 115 - 103. Suppose -2*s = -5*a, -a + 2*a = -3*s. Suppose -r + 5*r - 432 = s. What is the greatest common factor of k and r?
12
Let o = 150 - 134. Calculate the greatest common factor of o and 512.
16
Let a be ((-15)/(-18))/(-5) + (-639)/54. Let r be -3 + (-2)/(a/2922). What is the highest common divisor of r and 44?
44
Suppose 74 = 4*z - 234. Let v be 2106/189 + 1/(-14)*2. Calculate the greatest common divisor of v and z.
11
Let h(d) = -2*d**2 + 6*d + 4. Let l be h(5). Let w = -3 + l. Let j be (-4 - w)*(-4)/(-6). Calculate the greatest common factor of 40 and j.
10
Suppose -5*w + 6 + 4 = 0. Suppose 3*j - w*y = 2*j + 10, 2*j - 44 = -2*y. What is the greatest common divisor of j and 27?
9
Let z be (-1760)/(-180) + (-10)/(-45). What is the highest common divisor of 430 and z?
10
Let o(i) = 148*i + 8. Let a be o(6). Suppose -4*n = -839 - 1337. Suppose 3*z = 3*m + m + n, 4*m = 5*z - a. Calculate the greatest common factor of 16 and z.
16
Suppose -t = -2*l - 3, -t = -0*l + 5*l + 11. Let x be 9 + (-1 - 2)*t. Suppose 0 = -2*r + 103 + 113. Calculate the greatest common factor of x and r.
12
Let n(f) = 3*f - 8. Let i be n(3). Let p be -3*(i/(-3))/(4/8). Let l be 4 + (3 - (4 + 1)). What is the highest common factor of l and p?
2
Let s = 26 + -18. Suppose 5*b + 30 = s*b. Calculate the highest common divisor of b and 110.
10
Let z = 44 - 18. Let d(q) = q**2 - 22*q + 46. Let n be d(19). Let c = n + z. Calculate the highest common divisor of c and 15.
15
Suppose 3*l = -0*l + 189. Let p = -206 - -290. What is the greatest common divisor of p and l?
21
Let k(t) = -3*t - 4. Let f be k(-3). Let l be ((-1)/f)/(3/(-105)). What is the greatest common factor of l and 7?
7
Let s(t) = t**2 + 4*t + 19. Let g be s(-3). Suppose 28*w - 25*w = 3. Calculate the greatest common factor of g and w.
1
Let i be (5 + -1)*(-2)/(-4). Suppose 1 = h + c, 0*c = -3*h + i*c + 23. Let w be (33/h)/(1/15). What is the highest common divisor of 9 and w?
9
Let z be (4 + 1)/(2 - 3). Let f be z/20 - (-618)/8. What is the greatest common factor of 22 and f?
11
Let s(h) = -h**3 + 12*h**2 + 3*h + 13. Let o be s(12). Suppose -97 = -4*i - o. Calculate the highest common divisor of 228 and i.
12
Let u(o) = -3*o - 26. Suppose 10*j - 11*j - 12 = 0. Let d be u(j). What is the greatest common factor of 20 and d?
10
Suppose 0 = 3*k - 2*m - 10, -3*k + 2*m + 14 = k. Suppose -5*c + 7 = -4*s + 25, 13 = 3*s - k*c. Calculate the highest common divisor of s and 63.
7
Suppose 0 = -3*y - y + 2*h + 6, 2*h - 26 = -4*y. Suppose 0*a - 4*u = -a + 10, y*a - u = 85. Let d be (55/5*4)/2. Calculate the highest common factor of d and a.
22
Let h be (-36)/108 + (-46)/(-3) + -1. Let d be (21/(-5))/(h/15 + -1). What is the highest common divisor of d and 42?
21
Suppose 10*c - 9*c - 18 = 0. Let p(v) = v + 10. Let z be p(c). Calculate the highest common factor of 7 and z.
7
Let s be -25 - ((1 - 3) + 1). Let c be ((130/(-4))/5)/(6/s). What is the greatest common factor of 78 and c?
26
Suppose -9*b + 2*b = -539. Suppose 0 = 4*m - a - b, 2*a + 14 = 2*m - 32. Calculate the greatest common factor of m and 126.
18
Let n(x) = -5*x**3 + 33*x + 88. Let j be n(-3). What is the greatest common factor of 2 and j?
2
Let v(j) = 2*j**2 - 48*j - 43. Let p be v(27). What is the highest common factor of 7 and p?
7
Let g = -114 + 319. What is the highest common divisor of g and 41?
41
Let g = -285 - -301. What is the highest common divisor of 496 and g?
16
Suppose -4*y - 11 = -w + 5, 0 = -3*y - 9. Suppose -11*v + w = -9*v. Suppose 0 = -4*h + 10 + 46. Calculate the greatest common divisor of v and h.
2
Let k(h) = -h - 24 - 3*h - h - h**2 - h - h**3. Let n be k(-6). Calculate the highest common divisor of n and 12.
12
Suppose 5*y + 5*d + 45 = 0, -3*y + d - 21 = 2*y. Let u be 320/48*(-12)/y. What is the highest common divisor of 144 and u?
16
Suppose 3*l = -9, -4*s - l - 2*l + 27 = 0. What is the greatest common factor of s and 36?
9
Let w(c) = -c**3 - 2*c**2 - 2*c - 4. Let m be w(-2). Let p be 29 + (-1 + m)/(-1). Suppose -12 = -4*x + 3*x. What is the highest common divisor of p and x?
6
Suppose -4*y - 106 = -6*y. Let x = y - 33. Suppose -28 = -2*o + 132. Calculate the highest common divisor of x and o.
20
Let p(f) = f - 1. Let j be p(0). Let o be j/((-2)/(-160)*-1). What is the highest common factor of o and 16?
16
Let j(z) = z - 4. Let m be j(7). Let p be 47/2 - m/(-6). Let l be p/20*(-10)/(-2). What is the highest common factor of l and 42?
6
Let i be 3/(-3)*4/((-12)/57). Suppose 0 = 5*n - 3*m - 57 - 124, 164 = 4*n + 4*m. Calculate the greatest common factor of n and i.
19
Suppose -6 - 14 = 5*y + 5*t, y + 4*t = -16. Suppose -4*j = -3*g + 10 - y, -4*g + 3*j + 25 = 0. What is the greatest common factor of g and 2?
2
Let f = 22 + 22. Let s = -134 - -200. What is the greatest common divisor of s and f?
22
Suppose 13*o = 200 + 606. What is the greatest common factor of o and 341?
31
Let k be (-4)/(-6) + 7/((-21)/2). Suppose 5*a + 0*a - 165 = k. What is the highest common divisor of 11 and a?
11
Suppose -4*d + 2*d = -10. Suppose 4*g - d*c + 5 = -15, c = 4. Let z be (g + 3)*(7 + -2). Calculate the greatest common factor of z and 105.
15
Let j be (-38636)/(-24) - 18/(-108). Calculate the greatest common factor of j and 70.
70
Suppose -5*g - 8 = -6*g. Let w = -8 + g. Suppose 3*d + 3*s - 69 - 9 = w, 18 = d + 3*s. What is the highest common divisor of 15 and d?
15
Let j(a) = -79*a - 26. Let o be j(-2). What is the greatest common factor of 33 and o?
33
Let w be ((-63)/(-15))/(-1 + 24/20). What is the highest common divisor of w and 378?
21
Let k(f) = -6*f + 6. Let l be k(-2). Suppose -t - l = 3*u, -2*t + 5*t + 44 = -4*u. Let i = t - -19. What is the greatest common factor of 7 and i?
7
Suppose 3*l - 11*l + 64 = 0. What is the highest common factor of l and 200?
8
Let j be -6*1*(-8)/3. Suppose 0 = 5*u - 10, -2*p - 4*u = -87 - 1. Calculate the greatest common divisor of p and j.
8
Let t be 1 + (15 - (-1 + 3)). Suppose 0 = -31*w + 131 + 86. Calculate the greatest common divisor of t and w.
7
Supp